60 and 72280?
520
What is the greatest common factor of 2530169 and 1043?
149
Calculate the greatest common divisor of 9 and 59771358.
9
Calculate the highest common factor of 42842 and 4427928.
1382
Calculate the highest common factor of 30072 and 597072.
168
What is the greatest common factor of 1432 and 500274928?
1432
Calculate the highest common factor of 8806 and 6420386.
14
What is the highest common divisor of 232501 and 2623?
43
What is the highest common factor of 131820 and 139789?
13
What is the highest common divisor of 927112 and 49368?
136
What is the greatest common factor of 881 and 193?
1
What is the highest common factor of 1222128 and 9832914?
3726
Calculate the highest common factor of 39 and 50709503.
13
What is the highest common divisor of 100164064 and 767?
767
Calculate the greatest common factor of 4254723 and 1815.
363
Calculate the greatest common divisor of 1245 and 113597535.
1245
Calculate the highest common factor of 112 and 3132256.
16
What is the highest common divisor of 858104 and 92574?
74
Calculate the greatest common factor of 2185824 and 3888.
48
Calculate the highest common factor of 6820 and 25962035.
1705
What is the greatest common factor of 10431 and 12203721?
549
What is the greatest common factor of 7383 and 120382?
23
What is the highest common divisor of 157 and 49547473?
157
What is the greatest common divisor of 1516977 and 447153?
4179
What is the greatest common divisor of 40401288 and 324?
108
Calculate the greatest common divisor of 798 and 27539568.
42
Calculate the highest common factor of 252 and 26254608.
12
What is the highest common factor of 27391122 and 6270?
1254
Calculate the greatest common factor of 997362 and 262908.
1206
Calculate the greatest common divisor of 111682861 and 20797.
2971
What is the greatest common factor of 4827963 and 525?
21
Calculate the greatest common divisor of 2995764 and 36.
12
What is the highest common divisor of 305 and 869825?
5
What is the highest common factor of 28450413 and 9?
9
Calculate the highest common divisor of 1271953899 and 18.
9
What is the greatest common divisor of 2624914 and 153388?
2474
Calculate the highest common factor of 3804 and 7959236.
1268
What is the highest common divisor of 10 and 23819550?
10
Calculate the greatest common factor of 30 and 128851330.
10
Calculate the greatest common factor of 25371 and 17523.
9
What is the highest common factor of 114594291 and 1554?
777
What is the greatest common factor of 43882 and 7401826?
1186
What is the greatest common factor of 432 and 210110760?
216
Calculate the highest common divisor of 9477 and 22068657.
117
Calculate the highest common divisor of 468679 and 6931.
239
Calculate the greatest common factor of 189984 and 5856.
96
What is the greatest common divisor of 864 and 19914840?
72
Calculate the highest common factor of 3664298 and 528.
22
What is the greatest common divisor of 24734484 and 972?
972
What is the greatest common factor of 45 and 140315337?
9
What is the greatest common divisor of 12047 and 30294763?
1721
What is the greatest common divisor of 15504 and 7804326?
1938
Calculate the greatest common divisor of 7501749 and 3174.
1587
Calculate the greatest common divisor of 1527814 and 2.
2
Calculate the highest common divisor of 32589 and 28681941.
3621
Calculate the greatest common factor of 3567 and 12325.
29
What is the highest common factor of 1171080 and 1535?
5
What is the highest common factor of 75224 and 1112?
8
What is the highest common factor of 6081 and 547?
1
What is the highest common factor of 1932127 and 34393?
211
Calculate the highest common divisor of 872252925 and 1545.
1545
Calculate the greatest common factor of 6744875 and 250.
125
What is the highest common factor of 3471 and 3582339?
267
Calculate the highest common divisor of 844 and 151340.
4
What is the highest common divisor of 10570480 and 3408?
1136
Calculate the greatest common factor of 4416 and 16027136.
1472
Calculate the greatest common divisor of 98 and 25328639.
49
What is the greatest common factor of 13385394 and 41369?
1009
What is the highest common factor of 783900 and 845?
65
Calculate the greatest common divisor of 10186 and 1477784.
22
What is the highest common factor of 744 and 321558?
6
Calculate the greatest common factor of 6468 and 2315838.
294
Calculate the highest common factor of 1484 and 124548410.
742
Calculate the greatest common divisor of 6255043 and 64117.
661
Calculate the greatest common divisor of 185 and 104743855.
185
Calculate the highest common divisor of 1133 and 83802345.
1133
Calculate the greatest common divisor of 365532461 and 14.
7
What is the highest common factor of 246 and 4751326?
82
Calculate the highest common factor of 181168 and 185264.
16
Calculate the greatest common divisor of 9021900 and 510400.
2900
Calculate the greatest common factor of 3264 and 2183820.
204
What is the highest common factor of 105 and 8179185?
105
Calculate the greatest common divisor of 324 and 240234.
6
What is the highest common divisor of 54 and 518255928?
54
Calculate the highest common factor of 257765739 and 6226.
3113
What is the greatest common divisor of 903555 and 73305?
405
What is the highest common divisor of 16359 and 28437969?
861
Calculate the highest common divisor of 483016 and 1211.
173
What is the greatest common factor of 176398 and 274298?
178
What is the greatest common factor of 44905380 and 624?
156
What is the greatest common factor of 380 and 836285?
95
Calculate the highest common divisor of 992 and 185039.
31
Calculate the greatest common factor of 621542 and 29.
1
What is the highest common divisor of 91842230 and 14570?
470
What is the greatest common divisor of 19 and 3477611572?
19
What is the greatest common factor of 16296169 and 8695?
1739
Calculate the highest common divisor of 3760848 and 197184.
624
Calculate the highest common factor of 2945305 and 682.
11
Calculate the highest common divisor of 18836 and 75471143.
4709
Calculate the highest common divisor of 188887 and 20994099.
4607
What is the highest common factor of 1036 and 43754900?
28
What is the greatest common divisor of 65332536 and 48?
24
Calculate the greatest common divisor of 9841 and 460837.
13
What is the greatest common factor of 951 and 19422907?
317
Calculate the highest common factor of 5133 and 6757.
29
Calculate the greatest common factor of 7248 and 110832.
48
Calculate the highest common factor of 49 and 34342609.
7
Calculate the highest common factor of 20805 and 1070460.
285
Calculate the greatest common factor of 3217955 and 233740.
2015
What is the greatest common divisor of 236764 and 1540?
44
Calculate the highest common factor of 106471 and 258247.
17
Calculate the greatest common factor of 77466522 and 336.
42
What is the highest common divisor of 700943925 and 18150?
9075
What is the highest common factor of 73270 and 76126?
34
What is the highest common factor of 436335960 and 5688?
1896
Calculate the highest common divisor of 6164 and 13430436.
92
Calculate the highest common factor of 2146544 and 644.
92
What is the highest common divisor of 141038 and 12319?
97
Calculate the greatest common factor of 511560 and 1405740.
420
Calculate the greatest common factor of 47382 and 5825751.
447
What is the highest common factor of 5109294 and 12?
6
What is the highest common divisor of 11030875 and 23375?
2125
Calculate the highest common divisor of 2006 and 7254168.
118
What is the highest common divisor of 6480 and 748080?
720
Calculate the greatest common factor of 16757406 and 3.
3
What is the greatest common factor of 108192 and 45568?
32
Calculate the highest common factor of 215 and 192743630.
215
What is the greatest common factor of 977345 and 195?
5
What is the greatest common factor of 23 and 1073605983?
23
What is the highest common divisor of 2236 and 6746571?
559
Calculate the greatest common factor of 7568 and 3204188.
172
Calculate the highest common factor of 5292 and 4511808.
756
Calculate the highest common divisor of 2304443 and 2.
1
Calculate the greatest common factor of 2513 and 6801973.
359
What is the greatest common divisor of 231060605 and 10?
5
Calculate the highest common factor of 4570990 and 50.
